{"id":379,"date":"2026-03-04T15:23:50","date_gmt":"2026-03-04T15:23:50","guid":{"rendered":"https:\/\/chaveirorei.com\/?page_id=379"},"modified":"2026-03-04T15:46:43","modified_gmt":"2026-03-04T15:46:43","slug":"blog","status":"publish","type":"page","link":"https:\/\/chaveirorei.com\/?page_id=379","title":{"rendered":"blog"},"content":{"rendered":"\t\t<div data-elementor-type=\"wp-page\" data-elementor-id=\"379\" class=\"elementor elementor-379\" data-elementor-post-type=\"page\">\n\t\t\t\t<div class=\"elementor-element elementor-element-db502f9 e-con-full e-flex e-con e-parent\" data-id=\"db502f9\" data-element_type=\"container\" data-settings=\"{&quot;background_background&quot;:&quot;classic&quot;}\">\n\t\t\t\t<div class=\"elementor-element elementor-element-33a17f8 elementor-widget elementor-widget-image\" data-id=\"33a17f8\" data-element_type=\"widget\" data-widget_type=\"image.default\">\n\t\t\t\t\t\t\t\t\t\t\t\t<figure class=\"wp-caption\">\n\t\t\t\t\t\t\t\t\t\t<img fetchpriority=\"high\" decoding=\"async\" width=\"1440\" height=\"306\" src=\"https:\/\/chaveirorei.com\/wp-content\/uploads\/2026\/03\/bg-blog-chaveirorei.jpg\" class=\"attachment-full size-full wp-image-386\" alt=\"\" srcset=\"https:\/\/chaveirorei.com\/wp-content\/uploads\/2026\/03\/bg-blog-chaveirorei.jpg 1440w, https:\/\/chaveirorei.com\/wp-content\/uploads\/2026\/03\/bg-blog-chaveirorei-300x64.jpg 300w, https:\/\/chaveirorei.com\/wp-content\/uploads\/2026\/03\/bg-blog-chaveirorei-1024x218.jpg 1024w, https:\/\/chaveirorei.com\/wp-content\/uploads\/2026\/03\/bg-blog-chaveirorei-768x163.jpg 768w, https:\/\/chaveirorei.com\/wp-content\/uploads\/2026\/03\/bg-blog-chaveirorei-1200x255.jpg 1200w\" sizes=\"(max-width: 1440px) 100vw, 1440px\" \/>\t\t\t\t\t\t\t\t\t\t\t<figcaption class=\"widget-image-caption wp-caption-text\">Blog<\/figcaption>\n\t\t\t\t\t\t\t\t\t\t<\/figure>\n\t\t\t\t\t\t\t\t\t<\/div>\n\t\t\t\t<\/div>\n\t\t<div class=\"elementor-element elementor-element-9cf30a0 e-flex e-con-boxed e-con e-parent\" data-id=\"9cf30a0\" data-element_type=\"container\" data-settings=\"{&quot;background_background&quot;:&quot;classic&quot;}\">\n\t\t\t\t\t<div class=\"e-con-inner\">\n\t\t\t\t<div class=\"elementor-element elementor-element-1ee5320 elementor-widget elementor-widget-text-editor\" data-id=\"1ee5320\" data-element_type=\"widget\" data-widget_type=\"text-editor.default\">\n\t\t\t\t\t\t\t\t\t<p>Acompanhe todas as nossa novidades!<\/p>\t\t\t\t\t\t\t\t<\/div>\n\t\t\t\t<div class=\"elementor-element elementor-element-76ab522 elementor-posts--align-center elementor-grid-3 elementor-grid-tablet-2 elementor-grid-mobile-1 elementor-posts--thumbnail-top elementor-widget elementor-widget-posts\" data-id=\"76ab522\" data-element_type=\"widget\" data-settings=\"{&quot;classic_row_gap&quot;:{&quot;unit&quot;:&quot;px&quot;,&quot;size&quot;:0,&quot;sizes&quot;:[]},&quot;classic_columns&quot;:&quot;3&quot;,&quot;classic_columns_tablet&quot;:&quot;2&quot;,&quot;classic_columns_mobile&quot;:&quot;1&quot;,&quot;classic_row_gap_tablet&quot;:{&quot;unit&quot;:&quot;px&quot;,&quot;size&quot;:&quot;&quot;,&quot;sizes&quot;:[]},&quot;classic_row_gap_mobile&quot;:{&quot;unit&quot;:&quot;px&quot;,&quot;size&quot;:&quot;&quot;,&quot;sizes&quot;:[]}}\" data-widget_type=\"posts.classic\">\n\t\t\t\t<div class=\"elementor-widget-container\">\n\t\t\t\t\t\t\t<div class=\"elementor-posts-container elementor-posts elementor-posts--skin-classic elementor-grid\" role=\"list\">\n\t\t\t\t<article class=\"elementor-post elementor-grid-item post-370 post type-post status-publish format-standard has-post-thumbnail hentry category-fechaduras tag-chaveiro tag-chaveiro-24-horas tag-chaveiro-urgente tag-como-instalar-fechadura-eletronica tag-fechadura-eletronica tag-instalacao-fechadura-eletronica\" role=\"listitem\">\n\t\t\t\t<a class=\"elementor-post__thumbnail__link\" href=\"https:\/\/chaveirorei.com\/?p=370\" tabindex=\"-1\" >\n\t\t\t<div class=\"elementor-post__thumbnail\"><img decoding=\"async\" width=\"200\" height=\"300\" src=\"https:\/\/chaveirorei.com\/wp-content\/uploads\/2026\/03\/ChatGPT-Image-4-de-mar.-de-2026-12_07_58-200x300.png\" class=\"attachment-medium size-medium wp-image-371\" alt=\"\" srcset=\"https:\/\/chaveirorei.com\/wp-content\/uploads\/2026\/03\/ChatGPT-Image-4-de-mar.-de-2026-12_07_58-200x300.png 200w, https:\/\/chaveirorei.com\/wp-content\/uploads\/2026\/03\/ChatGPT-Image-4-de-mar.-de-2026-12_07_58-683x1024.png 683w, https:\/\/chaveirorei.com\/wp-content\/uploads\/2026\/03\/ChatGPT-Image-4-de-mar.-de-2026-12_07_58-768x1152.png 768w, https:\/\/chaveirorei.com\/wp-content\/uploads\/2026\/03\/ChatGPT-Image-4-de-mar.-de-2026-12_07_58.png 1024w\" sizes=\"(max-width: 200px) 100vw, 200px\" \/><\/div>\n\t\t<\/a>\n\t\t\t\t<div class=\"elementor-post__text\">\n\t\t\t\t<h3 class=\"elementor-post__title\">\n\t\t\t<a href=\"https:\/\/chaveirorei.com\/?p=370\" >\n\t\t\t\tFechadura Eletr\u00f4nica: Vale a Pena? Vantagens, Seguran\u00e7a e Instala\u00e7\u00e3o\t\t\t<\/a>\n\t\t<\/h3>\n\t\t\t\t<div class=\"elementor-post__meta-data\">\n\t\t\t\t\t<span class=\"elementor-post-date\">\n\t\t\tmar\u00e7o 4, 2026\t\t<\/span>\n\t\t\t\t<\/div>\n\t\t\n\t\t<a class=\"elementor-post__read-more\" href=\"https:\/\/chaveirorei.com\/?p=370\" aria-label=\"Leia mais sobre Fechadura Eletr\u00f4nica: Vale a Pena? Vantagens, Seguran\u00e7a e Instala\u00e7\u00e3o\" tabindex=\"-1\" >\n\t\t\tLeia mais \u00bb\t\t<\/a>\n\n\t\t\t\t<\/div>\n\t\t\t\t<\/article>\n\t\t\t\t<article class=\"elementor-post elementor-grid-item post-323 post type-post status-publish format-standard has-post-thumbnail hentry category-chaves category-fechaduras tag-chaveiro-24-horas tag-chaveiro-online tag-chaveiro-perto tag-chaveiro-urgente tag-chaves tag-fechadura-eletronica tag-fechaduras tag-instalacao-fechadura-eletronica\" role=\"listitem\">\n\t\t\t\t<a class=\"elementor-post__thumbnail__link\" href=\"https:\/\/chaveirorei.com\/?p=323\" tabindex=\"-1\" >\n\t\t\t<div class=\"elementor-post__thumbnail\"><img decoding=\"async\" width=\"200\" height=\"300\" src=\"https:\/\/chaveirorei.com\/wp-content\/uploads\/2026\/03\/ChatGPT-Image-4-de-mar.-de-2026-10_50_25-200x300.png\" class=\"attachment-medium size-medium wp-image-324\" alt=\"\" srcset=\"https:\/\/chaveirorei.com\/wp-content\/uploads\/2026\/03\/ChatGPT-Image-4-de-mar.-de-2026-10_50_25-200x300.png 200w, https:\/\/chaveirorei.com\/wp-content\/uploads\/2026\/03\/ChatGPT-Image-4-de-mar.-de-2026-10_50_25-683x1024.png 683w, https:\/\/chaveirorei.com\/wp-content\/uploads\/2026\/03\/ChatGPT-Image-4-de-mar.-de-2026-10_50_25-768x1152.png 768w, https:\/\/chaveirorei.com\/wp-content\/uploads\/2026\/03\/ChatGPT-Image-4-de-mar.-de-2026-10_50_25.png 1024w\" sizes=\"(max-width: 200px) 100vw, 200px\" \/><\/div>\n\t\t<\/a>\n\t\t\t\t<div class=\"elementor-post__text\">\n\t\t\t\t<h3 class=\"elementor-post__title\">\n\t\t\t<a href=\"https:\/\/chaveirorei.com\/?p=323\" >\n\t\t\t\tChaveiro 24 Horas: Quando Chamar um Profissional e Como Resolver Problemas com Chaves e Fechaduras\t\t\t<\/a>\n\t\t<\/h3>\n\t\t\t\t<div class=\"elementor-post__meta-data\">\n\t\t\t\t\t<span class=\"elementor-post-date\">\n\t\t\tmar\u00e7o 4, 2026\t\t<\/span>\n\t\t\t\t<\/div>\n\t\t\n\t\t<a class=\"elementor-post__read-more\" href=\"https:\/\/chaveirorei.com\/?p=323\" aria-label=\"Leia mais sobre Chaveiro 24 Horas: Quando Chamar um Profissional e Como Resolver Problemas com Chaves e Fechaduras\" tabindex=\"-1\" >\n\t\t\tLeia mais \u00bb\t\t<\/a>\n\n\t\t\t\t<\/div>\n\t\t\t\t<\/article>\n\t\t\t\t<\/div>\n\t\t\n\t\t\t\t\t\t<\/div>\n\t\t\t\t<\/div>\n\t\t<div class=\"elementor-element elementor-element-14a6997 e-con-full e-flex e-con e-child\" data-id=\"14a6997\" data-element_type=\"container\" data-settings=\"{&quot;background_background&quot;:&quot;classic&quot;}\">\n\t\t<div class=\"elementor-element elementor-element-1925f5b e-grid e-con-full e-con e-child\" data-id=\"1925f5b\" data-element_type=\"container\" data-settings=\"{&quot;background_background&quot;:&quot;classic&quot;}\">\n\t\t\t\t<div class=\"elementor-element elementor-element-44c10c8 elementor-widget elementor-widget-text-editor\" data-id=\"44c10c8\" data-element_type=\"widget\" data-widget_type=\"text-editor.default\">\n\t\t\t\t\t\t\t\t\t<h2 data-start=\"3097\" data-end=\"3129\">Precisa de um chaveiro agora?<\/h2><p data-start=\"3131\" data-end=\"3271\">Se voc\u00ea est\u00e1 enfrentando problemas com chaves ou fechaduras, <strong data-start=\"3225\" data-end=\"3270\">nos mande uma mensagem no Whatsapp.<\/strong><\/p><p data-start=\"3131\" data-end=\"3271\">Atendimento r\u00e1pido, seguro, com profissionais qualificados.<br \/><strong>Atendemos 24 horas!<\/strong><\/p><p data-start=\"3495\" data-end=\"3536\">\u00a0<\/p>\t\t\t\t\t\t\t\t<\/div>\n\t\t\t\t<\/div>\n\t\t\t\t<div class=\"elementor-element elementor-element-04b5d85 elementor-align-center elementor-widget elementor-widget-button\" data-id=\"04b5d85\" data-element_type=\"widget\" data-widget_type=\"button.default\">\n\t\t\t\t\t\t\t\t\t\t<a class=\"elementor-button elementor-button-link elementor-size-sm elementor-animation-grow\" href=\"https:\/\/wa.me\/5511972454656\" target=\"_blank\">\n\t\t\t\t\t\t<span class=\"elementor-button-content-wrapper\">\n\t\t\t\t\t\t<span class=\"elementor-button-icon\">\n\t\t\t\t<svg aria-hidden=\"true\" class=\"e-font-icon-svg e-fab-whatsapp\" viewBox=\"0 0 448 512\" xmlns=\"http:\/\/www.w3.org\/2000\/svg\"><path d=\"M380.9 97.1C339 55.1 283.2 32 223.9 32c-122.4 0-222 99.6-222 222 0 39.1 10.2 77.3 29.6 111L0 480l117.7-30.9c32.4 17.7 68.9 27 106.1 27h.1c122.3 0 224.1-99.6 224.1-222 0-59.3-25.2-115-67.1-157zm-157 341.6c-33.2 0-65.7-8.9-94-25.7l-6.7-4-69.8 18.3L72 359.2l-4.4-7c-18.5-29.4-28.2-63.3-28.2-98.2 0-101.7 82.8-184.5 184.6-184.5 49.3 0 95.6 19.2 130.4 54.1 34.8 34.9 56.2 81.2 56.1 130.5 0 101.8-84.9 184.6-186.6 184.6zm101.2-138.2c-5.5-2.8-32.8-16.2-37.9-18-5.1-1.9-8.8-2.8-12.5 2.8-3.7 5.6-14.3 18-17.6 21.8-3.2 3.7-6.5 4.2-12 1.4-32.6-16.3-54-29.1-75.5-66-5.7-9.8 5.7-9.1 16.3-30.3 1.8-3.7.9-6.9-.5-9.7-1.4-2.8-12.5-30.1-17.1-41.2-4.5-10.8-9.1-9.3-12.5-9.5-3.2-.2-6.9-.2-10.6-.2-3.7 0-9.7 1.4-14.8 6.9-5.1 5.6-19.4 19-19.4 46.3 0 27.3 19.9 53.7 22.6 57.4 2.8 3.7 39.1 59.7 94.8 83.8 35.2 15.2 49 16.5 66.6 13.9 10.7-1.6 32.8-13.4 37.4-26.4 4.6-13 4.6-24.1 3.2-26.4-1.3-2.5-5-3.9-10.5-6.6z\"><\/path><\/svg>\t\t\t<\/span>\n\t\t\t\t\t\t\t\t\t<span class=\"elementor-button-text\">Chamar no Whatsapp<\/span>\n\t\t\t\t\t<\/span>\n\t\t\t\t\t<\/a>\n\t\t\t\t\t\t\t\t<\/div>\n\t\t\t\t<\/div>\n\t\t\t\t\t<\/div>\n\t\t\t\t<\/div>\n\t\t\t\t<\/div>\n\t\t","protected":false},"excerpt":{"rendered":"<p>Blog Acompanhe todas as nossa novidades! Precisa de um chaveiro agora? Se voc\u00ea est\u00e1 enfrentando problemas com chaves ou fechaduras, nos mande uma mensagem no<\/p>\n","protected":false},"author":1,"featured_media":0,"parent":0,"menu_order":0,"comment_status":"closed","ping_status":"closed","template":"elementor_header_footer","meta":{"footnotes":""},"class_list":["post-379","page","type-page","status-publish","hentry"],"yoast_head":"<!-- This site is optimized with the Yoast SEO plugin v27.1.1 - https:\/\/yoast.com\/product\/yoast-seo-wordpress\/ -->\n<title>blog - chaveirorei.com<\/title>\n<meta name=\"robots\" content=\"index, follow, max-snippet:-1, max-image-preview:large, max-video-preview:-1\" \/>\n<link rel=\"canonical\" href=\"https:\/\/chaveirorei.com\/?page_id=379\" \/>\n<meta property=\"og:locale\" content=\"pt_BR\" \/>\n<meta property=\"og:type\" content=\"article\" \/>\n<meta property=\"og:title\" content=\"blog - chaveirorei.com\" \/>\n<meta property=\"og:description\" content=\"Blog Acompanhe todas as nossa novidades! Precisa de um chaveiro agora? Se voc\u00ea est\u00e1 enfrentando problemas com chaves ou fechaduras, nos mande uma mensagem no\" \/>\n<meta property=\"og:url\" content=\"https:\/\/chaveirorei.com\/?page_id=379\" \/>\n<meta property=\"og:site_name\" content=\"chaveirorei.com\" \/>\n<meta property=\"article:modified_time\" content=\"2026-03-04T15:46:43+00:00\" \/>\n<meta property=\"og:image\" content=\"https:\/\/chaveirorei.com\/wp-content\/uploads\/2026\/03\/bg-blog-chaveirorei.jpg\" \/>\n\t<meta property=\"og:image:width\" content=\"1440\" \/>\n\t<meta property=\"og:image:height\" content=\"306\" \/>\n\t<meta property=\"og:image:type\" content=\"image\/jpeg\" \/>\n<meta name=\"twitter:card\" content=\"summary_large_image\" \/>\n<meta name=\"twitter:label1\" content=\"Est. tempo de leitura\" \/>\n\t<meta name=\"twitter:data1\" content=\"1 minuto\" \/>\n<script type=\"application\/ld+json\" class=\"yoast-schema-graph\">{\"@context\":\"https:\/\/schema.org\",\"@graph\":[{\"@type\":\"WebPage\",\"@id\":\"https:\/\/chaveirorei.com\/?page_id=379\",\"url\":\"https:\/\/chaveirorei.com\/?page_id=379\",\"name\":\"blog - chaveirorei.com\",\"isPartOf\":{\"@id\":\"https:\/\/aqua-dove-175056.hostingersite.com\/#website\"},\"primaryImageOfPage\":{\"@id\":\"https:\/\/chaveirorei.com\/?page_id=379#primaryimage\"},\"image\":{\"@id\":\"https:\/\/chaveirorei.com\/?page_id=379#primaryimage\"},\"thumbnailUrl\":\"https:\/\/chaveirorei.com\/wp-content\/uploads\/2026\/03\/bg-blog-chaveirorei.jpg\",\"datePublished\":\"2026-03-04T15:23:50+00:00\",\"dateModified\":\"2026-03-04T15:46:43+00:00\",\"breadcrumb\":{\"@id\":\"https:\/\/chaveirorei.com\/?page_id=379#breadcrumb\"},\"inLanguage\":\"pt-BR\",\"potentialAction\":[{\"@type\":\"ReadAction\",\"target\":[\"https:\/\/chaveirorei.com\/?page_id=379\"]}]},{\"@type\":\"ImageObject\",\"inLanguage\":\"pt-BR\",\"@id\":\"https:\/\/chaveirorei.com\/?page_id=379#primaryimage\",\"url\":\"https:\/\/chaveirorei.com\/wp-content\/uploads\/2026\/03\/bg-blog-chaveirorei.jpg\",\"contentUrl\":\"https:\/\/chaveirorei.com\/wp-content\/uploads\/2026\/03\/bg-blog-chaveirorei.jpg\",\"width\":1440,\"height\":306},{\"@type\":\"BreadcrumbList\",\"@id\":\"https:\/\/chaveirorei.com\/?page_id=379#breadcrumb\",\"itemListElement\":[{\"@type\":\"ListItem\",\"position\":1,\"name\":\"In\u00edcio\",\"item\":\"https:\/\/chaveirorei.com\/\"},{\"@type\":\"ListItem\",\"position\":2,\"name\":\"blog\"}]},{\"@type\":\"WebSite\",\"@id\":\"https:\/\/aqua-dove-175056.hostingersite.com\/#website\",\"url\":\"https:\/\/aqua-dove-175056.hostingersite.com\/\",\"name\":\"chaveirorei.com\",\"description\":\"Chaveiro 24h para emerg\u00eancias e servi\u00e7os residenciais em S\u00e3o Paulo\",\"publisher\":{\"@id\":\"https:\/\/aqua-dove-175056.hostingersite.com\/#organization\"},\"potentialAction\":[{\"@type\":\"SearchAction\",\"target\":{\"@type\":\"EntryPoint\",\"urlTemplate\":\"https:\/\/aqua-dove-175056.hostingersite.com\/?s={search_term_string}\"},\"query-input\":{\"@type\":\"PropertyValueSpecification\",\"valueRequired\":true,\"valueName\":\"search_term_string\"}}],\"inLanguage\":\"pt-BR\"},{\"@type\":\"Organization\",\"@id\":\"https:\/\/aqua-dove-175056.hostingersite.com\/#organization\",\"name\":\"Chaveiro Rei- chaveiro em S\u00e3o Paulo 24 horas\",\"url\":\"https:\/\/aqua-dove-175056.hostingersite.com\/\",\"logo\":{\"@type\":\"ImageObject\",\"inLanguage\":\"pt-BR\",\"@id\":\"https:\/\/aqua-dove-175056.hostingersite.com\/#\/schema\/logo\/image\/\",\"url\":\"https:\/\/chaveirorei.com\/wp-content\/uploads\/2025\/12\/Group-21.png\",\"contentUrl\":\"https:\/\/chaveirorei.com\/wp-content\/uploads\/2025\/12\/Group-21.png\",\"width\":153,\"height\":67,\"caption\":\"Chaveiro Rei- chaveiro em S\u00e3o Paulo 24 horas\"},\"image\":{\"@id\":\"https:\/\/aqua-dove-175056.hostingersite.com\/#\/schema\/logo\/image\/\"}}]}<\/script>\n<!-- \/ Yoast SEO plugin. -->","yoast_head_json":{"title":"blog - chaveirorei.com","robots":{"index":"index","follow":"follow","max-snippet":"max-snippet:-1","max-image-preview":"max-image-preview:large","max-video-preview":"max-video-preview:-1"},"canonical":"https:\/\/chaveirorei.com\/?page_id=379","og_locale":"pt_BR","og_type":"article","og_title":"blog - chaveirorei.com","og_description":"Blog Acompanhe todas as nossa novidades! Precisa de um chaveiro agora? Se voc\u00ea est\u00e1 enfrentando problemas com chaves ou fechaduras, nos mande uma mensagem no","og_url":"https:\/\/chaveirorei.com\/?page_id=379","og_site_name":"chaveirorei.com","article_modified_time":"2026-03-04T15:46:43+00:00","og_image":[{"width":1440,"height":306,"url":"https:\/\/chaveirorei.com\/wp-content\/uploads\/2026\/03\/bg-blog-chaveirorei.jpg","type":"image\/jpeg"}],"twitter_card":"summary_large_image","twitter_misc":{"Est. tempo de leitura":"1 minuto"},"schema":{"@context":"https:\/\/schema.org","@graph":[{"@type":"WebPage","@id":"https:\/\/chaveirorei.com\/?page_id=379","url":"https:\/\/chaveirorei.com\/?page_id=379","name":"blog - chaveirorei.com","isPartOf":{"@id":"https:\/\/aqua-dove-175056.hostingersite.com\/#website"},"primaryImageOfPage":{"@id":"https:\/\/chaveirorei.com\/?page_id=379#primaryimage"},"image":{"@id":"https:\/\/chaveirorei.com\/?page_id=379#primaryimage"},"thumbnailUrl":"https:\/\/chaveirorei.com\/wp-content\/uploads\/2026\/03\/bg-blog-chaveirorei.jpg","datePublished":"2026-03-04T15:23:50+00:00","dateModified":"2026-03-04T15:46:43+00:00","breadcrumb":{"@id":"https:\/\/chaveirorei.com\/?page_id=379#breadcrumb"},"inLanguage":"pt-BR","potentialAction":[{"@type":"ReadAction","target":["https:\/\/chaveirorei.com\/?page_id=379"]}]},{"@type":"ImageObject","inLanguage":"pt-BR","@id":"https:\/\/chaveirorei.com\/?page_id=379#primaryimage","url":"https:\/\/chaveirorei.com\/wp-content\/uploads\/2026\/03\/bg-blog-chaveirorei.jpg","contentUrl":"https:\/\/chaveirorei.com\/wp-content\/uploads\/2026\/03\/bg-blog-chaveirorei.jpg","width":1440,"height":306},{"@type":"BreadcrumbList","@id":"https:\/\/chaveirorei.com\/?page_id=379#breadcrumb","itemListElement":[{"@type":"ListItem","position":1,"name":"In\u00edcio","item":"https:\/\/chaveirorei.com\/"},{"@type":"ListItem","position":2,"name":"blog"}]},{"@type":"WebSite","@id":"https:\/\/aqua-dove-175056.hostingersite.com\/#website","url":"https:\/\/aqua-dove-175056.hostingersite.com\/","name":"chaveirorei.com","description":"Chaveiro 24h para emerg\u00eancias e servi\u00e7os residenciais em S\u00e3o Paulo","publisher":{"@id":"https:\/\/aqua-dove-175056.hostingersite.com\/#organization"},"potentialAction":[{"@type":"SearchAction","target":{"@type":"EntryPoint","urlTemplate":"https:\/\/aqua-dove-175056.hostingersite.com\/?s={search_term_string}"},"query-input":{"@type":"PropertyValueSpecification","valueRequired":true,"valueName":"search_term_string"}}],"inLanguage":"pt-BR"},{"@type":"Organization","@id":"https:\/\/aqua-dove-175056.hostingersite.com\/#organization","name":"Chaveiro Rei- chaveiro em S\u00e3o Paulo 24 horas","url":"https:\/\/aqua-dove-175056.hostingersite.com\/","logo":{"@type":"ImageObject","inLanguage":"pt-BR","@id":"https:\/\/aqua-dove-175056.hostingersite.com\/#\/schema\/logo\/image\/","url":"https:\/\/chaveirorei.com\/wp-content\/uploads\/2025\/12\/Group-21.png","contentUrl":"https:\/\/chaveirorei.com\/wp-content\/uploads\/2025\/12\/Group-21.png","width":153,"height":67,"caption":"Chaveiro Rei- chaveiro em S\u00e3o Paulo 24 horas"},"image":{"@id":"https:\/\/aqua-dove-175056.hostingersite.com\/#\/schema\/logo\/image\/"}}]}},"_hostinger_reach_plugin_has_subscription_block":false,"_hostinger_reach_plugin_is_elementor":false,"_links":{"self":[{"href":"https:\/\/chaveirorei.com\/index.php?rest_route=\/wp\/v2\/pages\/379","targetHints":{"allow":["GET"]}}],"collection":[{"href":"https:\/\/chaveirorei.com\/index.php?rest_route=\/wp\/v2\/pages"}],"about":[{"href":"https:\/\/chaveirorei.com\/index.php?rest_route=\/wp\/v2\/types\/page"}],"author":[{"embeddable":true,"href":"https:\/\/chaveirorei.com\/index.php?rest_route=\/wp\/v2\/users\/1"}],"replies":[{"embeddable":true,"href":"https:\/\/chaveirorei.com\/index.php?rest_route=%2Fwp%2Fv2%2Fcomments&post=379"}],"version-history":[{"count":10,"href":"https:\/\/chaveirorei.com\/index.php?rest_route=\/wp\/v2\/pages\/379\/revisions"}],"predecessor-version":[{"id":393,"href":"https:\/\/chaveirorei.com\/index.php?rest_route=\/wp\/v2\/pages\/379\/revisions\/393"}],"wp:attachment":[{"href":"https:\/\/chaveirorei.com\/index.php?rest_route=%2Fwp%2Fv2%2Fmedia&parent=379"}],"curies":[{"name":"wp","href":"https:\/\/api.w.org\/{rel}","templated":true}]}}